Calculate the highest common factor of 19 and 4532393.
19
What is the highest common factor of 3670 and 40?
10
Calculate the highest common factor of 78 and 177879.
39
What is the highest common divisor of 48 and 1852?
4
What is the highest common divisor of 2107 and 518623?
301
What is the highest common factor of 66022 and 176?
22
What is the highest common divisor of 1284282 and 918?
918
Calculate the highest common divisor of 83756 and 12.
4
What is the highest common factor of 639 and 801?
9
What is the highest common factor of 21 and 281073?
3
Calculate the highest common factor of 11931 and 388.
97
What is the highest common factor of 4995 and 3285?
45
Calculate the greatest common factor of 1826 and 525058.
166
What is the greatest common divisor of 200096 and 2262?
26
Calculate the highest common factor of 4736 and 2738.
74
Calculate the highest common factor of 324 and 240.
12
What is the greatest common divisor of 48 and 7248?
48
Calculate the greatest common divisor of 111 and 2035851.
111
Calculate the greatest common factor of 6120 and 44.
4
Calculate the highest common divisor of 53495 and 50.
5
What is the greatest common divisor of 44190 and 170?
10
Calculate the greatest common factor of 2406775 and 85.
85
Calculate the greatest common divisor of 291 and 134733.
291
Calculate the highest common divisor of 51 and 2199783.
51
What is the greatest common divisor of 143707 and 132737?
1097
What is the greatest common divisor of 1050 and 2735880?
210
Calculate the highest common factor of 42218 and 1010.
202
Calculate the highest common divisor of 12985 and 25235.
245
What is the greatest common factor of 84 and 48342?
42
Calculate the highest common factor of 180945 and 144.
9
Calculate the greatest common factor of 127 and 6455791.
127
Calculate the highest common divisor of 87986 and 328.
82
What is the highest common factor of 20038 and 172?
86
Calculate the greatest common factor of 182060 and 160.
20
Calculate the highest common divisor of 13 and 477542.
13
What is the greatest common factor of 2700 and 49900?
100
What is the highest common divisor of 6405 and 597495?
915
What is the highest common factor of 24766 and 26187?
203
What is the highest common divisor of 82806 and 54?
6
What is the highest common divisor of 39125 and 800?
25
Calculate the highest common factor of 696 and 77488.
232
What is the greatest common factor of 515592 and 868?
868
Calculate the greatest common factor of 116 and 302644.
116
What is the greatest common factor of 107 and 725353?
107
What is the highest common divisor of 7441 and 5?
1
What is the greatest common divisor of 1883 and 42233?
269
Calculate the highest common factor of 10902 and 1242.
138
Calculate the greatest common divisor of 113611 and 289.
17
What is the greatest common factor of 40576 and 24092?
1268
What is the highest common factor of 10200 and 3774?
102
Calculate the greatest common factor of 406 and 3138583.
203
What is the highest common factor of 22443 and 9?
3
Calculate the greatest common divisor of 52 and 5865548.
52
Calculate the greatest common divisor of 6381 and 190012.
709
Calculate the greatest common factor of 343 and 315.
7
What is the greatest common factor of 2072 and 3239572?
1036
Calculate the greatest common divisor of 816 and 191658.
102
Calculate the greatest common factor of 4709431 and 947.
947
Calculate the greatest common factor of 64288 and 196.
196
Calculate the greatest common factor of 11232 and 9162.
18
What is the greatest common factor of 646 and 61142?
38
Calculate the greatest common divisor of 3230 and 3040.
190
What is the highest common divisor of 180734 and 115?
23
What is the greatest common divisor of 748 and 35768?
68
What is the highest common factor of 778664 and 2096?
1048
Calculate the greatest common factor of 152 and 391286.
38
What is the highest common factor of 199141 and 97?
97
Calculate the highest common factor of 6156 and 740.
4
What is the greatest common factor of 61128 and 10152?
216
Calculate the greatest common divisor of 37418 and 5618.
106
Calculate the greatest common factor of 9 and 4227.
3
What is the highest common divisor of 388603 and 17?
17
Calculate the greatest common divisor of 2371644 and 99.
99
What is the greatest common divisor of 98240 and 368?
16
What is the highest common divisor of 2 and 5581?
1
What is the greatest common factor of 1148 and 420660?
164
What is the highest common factor of 90 and 1465?
5
What is the highest common divisor of 1984 and 5104?
16
What is the highest common divisor of 8 and 10708?
4
What is the greatest common divisor of 6532 and 5566?
46
Calculate the greatest common factor of 1615 and 3655.
85
What is the highest common factor of 108 and 1634742?
54
Calculate the greatest common divisor of 30230 and 230.
10
What is the highest common factor of 5388 and 700?
4
Calculate the greatest common factor of 82020 and 300.
60
What is the highest common divisor of 352 and 712?
8
What is the highest common divisor of 438 and 30660?
438
What is the highest common divisor of 1444 and 97831?
361
What is the greatest common divisor of 407 and 858?
11
Calculate the greatest common factor of 63 and 387450.
63
Calculate the highest common divisor of 3788971 and 1138.
569
What is the greatest common factor of 8208 and 41904?
432
Calculate the highest common factor of 46442 and 418.
22
What is the greatest common factor of 816 and 56?
8
Calculate the greatest common factor of 156 and 145716.
12
What is the greatest common factor of 441 and 9?
9
What is the highest common divisor of 4200 and 15800?
200
What is the greatest common factor of 64 and 10570?
2
What is the highest common divisor of 15904 and 7100?
284
Calculate the highest common divisor of 227186 and 203.
29
What is the highest common divisor of 1305 and 1980?
45
Calculate the greatest common factor of 99 and 879.
3
Calculate the highest common factor of 14981 and 1899.
211
Calculate the highest common divisor of 8 and 71140.
4
Calculate the highest common factor of 6480 and 280.
40
What is the greatest common divisor of 5895592 and 872?
872
Calculate the highest common factor of 268 and 5204.
4
What is the greatest common divisor of 41582 and 578479?
1223
What is the greatest common divisor of 1 and 2895?
1
What is the greatest common factor of 110 and 12260?
10
What is the greatest common divisor of 1136 and 15407?
71
Calculate the greatest common divisor of 23128 and 32.
8
Calculate the greatest common factor of 3800 and 2584.
152
What is the greatest common factor of 7844 and 2612?
4
What is the highest common factor of 261175 and 93?
31
What is the highest common divisor of 28464 and 4?
4
What is the greatest common factor of 189225 and 225?
225
What is the highest common divisor of 42 and 131019?
21
Calculate the highest common factor of 7160 and 13246.
358
What is the highest common factor of 29742 and 72?
6
Calculate the greatest common divisor of 216 and 130392.
72
What is the highest common divisor of 194 and 92829?
97
What is the greatest common factor of 280182 and 84?
42
What is the greatest common factor of 112132 and 1156?
1156
Calculate the highest common factor of 522384 and 144.
48
What is the highest common factor of 22112 and 17275?
691
Calculate the greatest common divisor of 5916 and 5644.
68
Calculate the greatest common divisor of 2981 and 7859.
271
Calculate the highest common factor of 130 and 50.
10
Calculate the highest common factor of 585494 and 637.
91
What is the greatest common factor of 24 and 150?
6
Calculate the greatest common divisor of 3116219 and 17.
17
What is the highest common divisor of 372800 and 640?
320
Calculate the greatest common factor of 39 and 139672.
13
What is the greatest common divisor of 518 and 44002?
14
What is the highest common factor of 33572 and 98427?
763
Calculate the greatest common divisor of 4541 and 40391.
239
What is the greatest common factor of 7099 and 961?
31
Calculate the highest common divisor of 325472 and 1152.
32
What is the highest common factor of 364651 and 77?
7
Calculate the greatest common factor of 61246 and 34352.
226
Calculate the greatest common divisor of 781890 and 24790.
670
Calculate the highest common factor of 1045591 and 12